5 + 7/24*z**4. Let h(i) be the first derivative of s(i). What is h(6)?
10
Let z(o) = o - 10. Suppose 17 = 2*p + m, 5*p - 43 = -5*m + 2*m. Give z(p).
-2
Let o(c) = c**3 - 6*c**2 - 8*c + 4. Suppose y - 2 = -2*x + 1, 2*x = 3*y - 17. Let u be (y - 12)/(-1*1*1). Determine o(u).
-3
Let v(d) be the second derivative of d**3 + 0 - 1/2*d**2 + 6*d. What is v(1)?
5
Suppose -4*c - 4*i - i = 43, c = -2*i - 13. Let x(f) = 2*f**2 - 7*f + 4. Let r(y) = -y**2 + y + 1. Let n(j) = 3*r(j) + x(j). Determine n(c).
-14
Let m be 58/493 + (1 - (-168)/17). Let v(j) = -2*j - 21. Determine v(m).
-43
Let o(f) be the second derivative of -f**5/20 + 3*f**4/4 - 5*f**3/3 - f**2/2 - 2*f - 230. Determine o(8).
-17
Let i be (-56)/308 - 4/(-22). Let l(j) be the second derivative of j**3/6 - 2*j. Determine l(i).
0
Suppose -3*x = 4*f - 18, x - 3*x + 12 = -3*f. Let i(s) = -4*s + 9. Give i(x).
-15
Let y(l) be the second derivative of l**4/12 + l**3 + 3*l**2 + 81*l. Calculate y(-7).
13
Let d = 11 + -11. Suppose 3*m = -d*m + 9. Let a(i) = 10*i - 9*i - m*i**3 - i**2 - 1 - 3*i**3. Give a(1).
-7
Let b(x) = -x**3 - 2*x**2 + x + 2. Suppose -8*o + 2*t + 20 = -6*o, 44 = 3*o + 4*t. Let l be (-1)/((0 + 1)/(o - 9)). Determine b(l).
8
Let l(a) = -6*a**3 + a. Let p be l(-1). Let z(m) be the first derivative of 3*m**2/2 - 2*m + 2255. Calculate z(p).
13
Let f(a) = -a**2 - 7*a + 8. Suppose 17 = y - 2*y - 4*p, 0 = -2*y - 3*p - 24. Give f(y).
-10
Let n(m) = -291*m**2 - 7 - 277*m**2 + 3*m + 569*m**2. Suppose -5*w + w = 0. Let x = -5 + w. Determine n(x).
3
Let a(c) = -c**3 + 9*c**2 - c + 10. Let r(q) = -q**3 + 8*q**2 + 8. Let i(m) = 5*a(m) - 6*r(m). Let g = 3 + 1. Calculate i(g).
-2
Let w(x) be the first derivative of 2*x**2 - 6*x + 81. What is w(5)?
14
Let y(i) = -7*i + 1. Let l(f) = -3518 - f + 1759 + 1759. Let g be 14/10 + (-4)/10. Let w(m) = g*y(m) - 6*l(m). Calculate w(-4).
5
Suppose 0 = -f + 1, 4*w - 2*f - 10 = 0. Let v(r) = -r**2 + r. Calculate v(w).
-6
Let v = 1 - -4. Suppose t - 8 = 4*t - v*h, -4*h = -16. Let w(x) = 6 + 2 - 2 - 1 - x. What is w(t)?
1
Let o be (23 - 3 - 23)/(2/2). Let m(x) be the third derivative of x**5/20 + x**4/8 - 2*x**3/3 + 2*x**2. What is m(o)?
14
Let r(f) = f**3 - 2*f + 1. Suppose 2 = 2*a - 4. Let l(x) = 1 + x**3 + 0*x**a + x**3 - 2*x. Let b(i) = 4*l(i) - 3*r(i). Determine b(1).
4
Suppose 5*c - 2*p = -80, 4*c - 5*p - 29 = -93. Let o be c/(-9) - 6/(-27). Let i(t) = 0 + o - 3*t**2 + 0. What is i(-2)?
-10
Let r(o) be the second derivative of -o**4/12 - 4*o**3/3 - 4*o**2 + 138*o. Give r(-9).
-17
Let r(n) = -6*n**2 - 7*n - 3. Let i(z) = 13*z**2 + 15*z + 7. Let d(x) = 4*i(x) + 9*r(x). Let u = 4 - 10. Let s be -1*(-3 - u) + 5. Determine d(s).
-13
Let g(k) = -7*k**3 + 50 - 28 + 6*k**3 - 16*k**2 + k. What is g(-16)?
6
Let w(q) = -q - 2. Let o = 1 - 9. Calculate w(o).
6
Suppose -o + 2*o - 30 = 0. Suppose 0 = 3*u - 8*u - o. Let w(m) = 11*m**2 + 23*m - 2. Let r(i) = 5*i**2 + 11*i - 1. Let t(s) = -9*r(s) + 4*w(s). Give t(u).
7
Let i(z) = 3*z + 12. Suppose -4*g + 5 + 3 = -4*a, 2*a = g - 6. Calculate i(a).
0
Suppose 19*h = 23*h + 24. Let z(g) be the second derivative of g**3/3 - g**2/2 + 14*g. Determine z(h).
-13
Let a(v) = -v**3 + 9*v**2 - 9*v + 12. Let y be 3 - 2 - (-2)/2. Let f be ((-7)/(-14))/(1/32*y). Give a(f).
4
Let r(j) = j + 2. Let d(y) = y + 7. Let v be d(-1). Let f be (-24)/36*6/8*v. Calculate r(f).
-1
Let d(a) = 11*a**3 + a**2 - 11*a - 6. Let f(o) = -4*o**3 + 4*o + 2. Let y(l) = -3*d(l) - 8*f(l). Let h be y(-3). Let w(p) = -6*p - 1. What is w(h)?
5
Let k(i) be the second derivative of i**6/120 - i**4/12 + i**3/3 - 12*i. Let j(t) be the second derivative of k(t). Calculate j(-2).
10
Let c(g) = -g**3 - 8*g**2 - 8*g + 3. Let x be c(-7). Suppose 6*o = 8 + x. Let q(i) = -i**3 + 2*i**2 + 4*i + 1. Give q(o).
4
Let s(p) be the third derivative of -p**5/60 + p**4/3 - 3*p**3/2 + p**2. Suppose 0 = 2*d + 2*d + 32. Let y = 14 + d. Determine s(y).
3
Let c(a) = a - 2. Let l(p) be the third derivative of p**4/24 - 2*p**3/3 - 5*p**2. Let i be l(9). Determine c(i).
3
Suppose -3*o + c + 23 = 0, 4*c - 3*c = 5*o - 37. Let x(w) = 7*w - 52. Determine x(o).
-3
Suppose 265 = -29*v - 25. Let j(s) = s**3 + 9*s**2 - 11*s - 7. Calculate j(v).
3
Let r(n) = -5*n**3 + 16*n**2 - 6*n - 3. Let p(j) = 14*j**3 - 47*j**2 + 17*j + 9. Let k = 47 - 30. Let u(m) = k*r(m) + 6*p(m). Determine u(-10).
3
Let r(b) = 3*b - 22*b - 10999 + 10985 + b**2. Calculate r(20).
6
Suppose 15 = -0*o + 5*o. Suppose o*s - 4*s - 3 = -2*g, 4 = -4*s. Let c(m) = 14*m**3 + 2*m**2 - 1. Determine c(g).
15
Let o(i) = -8*i - 326. Let r be o(-41). Let s(l) = 4*l**2 - 1. Give s(r).
15
Let s(u) = u**3 + 13*u**2 + 34*u + 19. Let p(y) = y**3 + 14*y**2 + 31*y + 20. Let x(a) = 5*p(a) - 4*s(a). Calculate x(-17).
-10
Let q(f) = 14 - 2*f - 6*f**2 - 11*f + 7*f**2 + 1 + 1. What is q(11)?
-6
Suppose 6*t = 79 - 61. Let g(p) = -5*p**2 + 4. Calculate g(t).
-41
Let r(o) = 25 + 0*o - 4*o - 14. Determine r(4).
-5
Let r(b) be the third derivative of 5*b**4/24 - 7*b**3/6 + 2*b**2. Suppose -3*z + 5 = -10. What is r(z)?
18
Let s(t) = -5*t**3 - 3*t**2 + t + 11. Let y(k) = 3*k**3 + 2*k**2 - k - 6. Let b(d) = 4*s(d) + 7*y(d). Let w be b(-3). Let q(g) = 5*g + 1. Determine q(w).
11
Let p(v) = 33*v - 69. Let y be p(2). Let f(s) be the first derivative of s**4/4 + 5*s**3/3 - s**2/2 + 2*s + 1. Give f(y).
23
Let y be ((-3)/(-9))/((-5)/(-15)). Let m(n) = -2*n - 3. Let v(h) = -h**2 - h. Let d(z) = y*m(z) - v(z). Calculate d(-3).
9
Let g = 223 + -230. Let i(f) = -f + 3*f**2 - 4*f**2 + 4 - 3*f - 3*f. Give i(g).
4
Let m(l) = -17*l. Let p = 575 + -576. What is m(p)?
17
Let r(g) = 4*g + 25*g + 18*g - 45*g - 1. Determine r(9).
17
Let x = -8 + 13. Let q be (-4)/(x/((-10)/4)). Suppose -q = w + 2. Let c(p) = p**3 + 5*p**2 + 2*p - 5. What is c(w)?
3
Let d(v) = 33*v**2 - 2*v + 1. Let t(n) = -n**2 - 2*n + 1. Let g be t(0). What is d(g)?
32
Suppose -9*u + 18 = -12*u. Let y(b) = -b**2 - 6*b - 5. Let t(w) = -1. Let d(p) = -4*t(p) + y(p). Let v be d(u). Let c(h) = -3*h**2 + 2*h + 1. Calculate c(v).
-4
Let b(d) = -d**3 - 12*d**2 + 28*d - 1. Let q = 1943 - 1957. What is b(q)?
-1
Let s = 102 + -105. Let l(i) = -i**2 - 4*i - 1. Calculate l(s).
2
Let x be 1 - 2 - (-4 - 0). Suppose x*k - 3*s - 18 = 0, -6*k - 3*s + 3 = -2*k. Let g(o) = -o**3 + 4*o**2 - o + 3. What is g(k)?
9
Let q(z) = -z - 4*z + 2 + 6*z - 15. Give q(12).
-1
Let w(f) be the first derivative of -f**3/3 - 15*f**2/2 - 17*f - 135. Determine w(-14).
-3
Let p(v) = -v**3 - 4*v**2 + 8*v - 3. Let a = 54 - 60. Determine p(a).
21
Suppose 3*q + 4 - 1 = 0. Let l = 97 - 90. Let p = l + q. Let b(h) = -h**3 + 5*h**2 + 4*h. Determine b(p).
-12
Let o = -2 + 1. Let m(y) be the second derivative of 0*y**4 - 1/6*y**3 - 18*y - 1/20*y**5 - 1/2*y**2 + 0. Give m(o).
1
Let n(t) = -t - 7. Let j(h) = 1. Let i(q) = -5*j(q) - n(q). Calculate i(-7).
-5
Let a be 44/(-330) + (-141)/(-45). Let s(u) be the second derivative of 1/6*u**3 + 0 - 5/12*u**4 - a*u**2 - 1/20*u**5 - 8*u. What is s(-5)?
-11
Let q(c) be the second derivative of 0 + 14*c - 1/6*c**3 + 3*c**2. Calculate q(4).
2
Let s(x) = x**3 - 8*x**2 + 5*x + 5. Let w be (-4)/24*(-41 + -1). What is s(w)?
-9
Let w be ((-8)/(4/(-2)))/(3 - 4). Let v(m) = -2*m**2 - 8*m + 3. Give v(w).
3
Let b(w) be the first derivative of w**6/120 + w**5/60 + w**4/24 + w**3/6 - 8*w**2 - 23. Let x(h) be the second derivative of b(h). Calculate x(-3).
-20
Let z(s) = -s**3 + 4*s**2 + 4*s + 7. Let a be z(5). Let r(g) = 7*g - 13*g + 4*g + a. Let t(p) = -p**3 - 7*p**2 - p - 1. Let w be t(-7). Determine r(w).
-10
Let a(o) = -o - 6. Let j(h) be the third derivative of -h**4/24 - 7*h**3/6 + 10*h**2. Let s(c) = 5*a(c) - 4*j(c). Give s(5).
-7
Let s(q) = -2*q - 5. Suppose 0 = -56*a + 54*a + 20. Determine s(a).
-25
Let r(u) be the third derivative of -u**4/8 + u**3/6 - 3*u**2. Suppose -10 = -21*q + 11. Calculate r(q).
-2
Suppose 3*s - 45 = -6*s. Let z(m) = -2*m**2 - m + 7. Let i(h) = -2*h**2 - h + 8. Let o(x) = s*i(x) - 6*z(x). Let j = 18 + -15. What is o(j)?
19
Let s(i) be the first derivative of 1/2*i**2 - i**3 + 6 - i. Give s(1).
-3
Let b(r) = -3*r - 3. Let g be (-28)/35 - (-38)/10. Suppose -5*a - 18 = -g. Calculate b(a).
6
Let u(d) = -5 - 60*d + 54*d + 8 + d**2. Calculate u(5).
-2
Let q(x) be the first derivative of -x**5/20 + x**4/12 + x*